of 12 + (-9 - -10 - 4) + 3 + -16 - -68?
64
What is (12 + 2 - (-6 - -11)) + (-194 - -202)?
17
Evaluate -77 + -4 + (2990 - 2783).
126
49 - 26 - -27 - 16 - 147
-113
Calculate -23 - ((30 - 20) + -35 + 6).
-4
Calculate (8 - 4) + -61 + (65 - 114) + 60.
-46
3 + -1 - (9307 - 9313)
8
Calculate -77 + 47 + 26 + (-2 - 18).
-24
What is -41 + -3 - ((-8 - 16) + -7 + 37)?
-50
Evaluate 2 + -13 + -24 + -186 + 154.
-67
Evaluate -14 - (-42 - (-40 + 32)).
20
Calculate 8 - (-121 + 2 + 9 + -5 + 5 + 8).
110
What is (6 - (-24 - -34) - (-61 - (-3 + 1))) + 4?
59
What is the value of 16 + -1 - (2 + -118 + 95)?
36
What is the value of 64 + (81 - 15) + -91?
39
-19 + (-12 - (14 + -2)) + 41
-2
4 + (0 - (7 - (3 + 0))) + 10 - 20
-10
Calculate (-1670 - -1662) + (0 - 0 - -4) - (8 + 13).
-25
What is 23 + -16 + 0 + 16 - -20?
43
Evaluate 8 + -8 + 27 + -23.
4
Evaluate -4 - 1 - (7 + 2) - (-20 + 7 + 8).
-9
What is the value of 38 - -1 - (-55 - (-67 - 4))?
23
What is the value of (3 - 23) + (-12 - (5 + (1 - 2)) - -9)?
-27
Calculate (28 - 10 - (32 + 1)) + 33.
18
(-4 - (-9 - (1 + 14 - 6))) + 117
131
Calculate 158 - (-94 + 288) - (-2 + 19).
-53
Calculate 4 + (0 - -20) - (-13 - (-94 + -71)).
-128
Evaluate 4 - (-46 + -18 + (17 - -5)).
46
35 - (-69 + (18 - -127))
-41
What is 28 + 62 + -1 + (5 - -29)?
123
What is -659 - -670 - (1 + (26 - 2))?
-14
16 + (-49 - -14 - 6 - -8)
-17
What is (-31 - (5 + 8 + -8)) + -8?
-44
-33 - (22 - 53) - -47
45
What is 1 + 35 + -9 + (14 - 7)?
34
What is the value of -15 + (2 - 1) + (9 - 9 - -4) + 62?
52
Calculate -14 + (-33 - 10) + 45.
-12
What is -2 + 1 + -9 + (-19 + 9 + -6 - -28)?
2
(-65 + (-5 - -1) + 11 - (-10 - 5)) + -2
-45
What is (5 - -3) + -62 + (22 + -11 - 3)?
-46
Calculate -1 + (13 + -26 + -3 - -18 - (-1 - 3)).
5
7 + (-30 - (5 - 10)) + 31
13
What is the value of 24 - 20 - (-114 - -104)?
14
Calculate 11 + (55 - 6) + (1 - -6 - 3).
64
Calculate 1 - -6 - -21 - 20 - 32.
-24
What is the value of 10 - -5 - (10 + -121 + (17 - 11) + -11)?
131
93 + -5 - (279 + -313 - (-20 - 0))
102
Calculate -6 + -8 + (20 - (14 + -23 + 15)).
0
Calculate -15 + -4 + 14 + -4 + (-27 - (13 - 7)).
-42
What is (-4 - (-1 + 1)) + (368 - 380 - (3 + 6))?
-25
-72 + (-18 - 16) + 16 + 15
-75
Evaluate 26 - 23 - (16 + -18 + 20 + 0).
-15
Evaluate 4 - 0 - (-13 + 26 + 35).
-44
Evaluate -82 - (-4 - (148 + -79)).
-9
What is the value of -7 + (-13 + -3 + 9 - (13 - 52))?
25
2 + -8 + 3 - (13 + -22) - 50
-44
Calculate (-28 - (-15 - -4)) + -5 - 8.
-30
Evaluate (60 - -21) + -17 + (-11 - (-3 + 6)).
50
What is the value of -156 + 64 - -26 - -41?
-25
Evaluate (17 - 55) + (11 - -56).
29
What is 16 + 23 + -38 + 1 + (-4 - -31 - -4)?
33
Evaluate 110 - 106 - (-8 + 1) - (40 + 0).
-29
58 - (-66 + 100 + -11)
35
Evaluate (-15 - -11) + (14 - 10 - 7) + (4 - 11).
-14
What is the value of 3 - 0 - ((-3 - 0) + -663 + 646)?
23
What is -2 + 9 - (-69 + (130 - 67))?
13
35 - 10 - (55 - (-16 + 12))
-34
Calculate 31 + (-44 + 50 - (-1 - 10)).
48
-28 - (-9 + 19 + (22 - 41))
-19
What is the value of (7 - -3) + -2 - (-5 + 29 - -1 - -9)?
-26
Evaluate 9 - ((-30 - -16) + -12 - -96).
-61
Evaluate (-109 - ((-54 - -20) + -8)) + -31.
-98
Evaluate 141 - 27 - 83 - -45.
76
What is -44 - -69 - ((-8 - (-4 + -4 + 10)) + 10)?
25
What is 9 - 11 - 8 - (7 + -3 - 13)?
-1
34 + ((-21 - -32) + -126 - -7)
-74
Calculate -12 + 1 + 1 - (-381 + 379).
-8
Calculate 27 + -99 + 64 - -38.
30
What is 1 + -19 + 8 + -4 + 2 + 3 + -35?
-44
(-3 + 8 + 7 - 34) + 163 - (-1 + 17)
125
Evaluate (-97 - (-4 - 36)) + 52.
-5
-41 + (34 - 16) + 83 + -17
43
What is the value of (1 - -26 - (155 + -109)) + 101?
82
Calculate -2720 - -2723 - (-1 + 1 - -12) - 26.
-35
What is (-81 - -178) + (40 - 54)?
83
Evaluate -92 + 23 + 16 - -45.
-8
Calculate 3 - 38 - ((0 - 29) + 201 + -189).
-18
What is the value of (-2 - 28 - (-88 - -78) - -11) + 0?
-9
-1 + -9 - (21 - -34 - 60) - 69
-74
What is 20 + -15 + -12 - (-106 - (-16 - (10 + -20)))?
93
What is the value of (-7 - 1) + (133 - 121) + -16?
-12
-1 + -5 + 11 - (-18 - (-13 + -18)) - -11
3
What is the value of -238 + 55 - -128 - 64?
-119
What is -39 + (5 - (-6 + (-2 - (-10 + 6)) + 9))?
-39
3109 + -3085 - (1 + 2 + 12)
9
Calculate 10 - 1 - (55 - (11 - (-18 - -74))).
-91
Evaluate (-12 - -21 - (-9 + 13)) + (-2 - (-1 + -39)).
43
Evaluate (-6 - -48) + (5 - ((-23 - -22) + -4 + 1)).
51
Evaluate 31 + (6 + -15 - (12 - 29)).
39
Calculate -198 + 167 + (-2 - -6 - (6 - 7)).
-26
Evaluate 18 + (20 - 35) - (33 - -33).
-63
41 - (-8 + 39 + -21 - -13)
18
What is the value of 2 + 15 + (2 - (-31 - -27) - 8)?
15
Calculate -7 - (-17 + -1 + -19) - 18.
12
-6 + (-52 - -87 - 37)
-8
What is (6 - -4) + -8 + (42 - 2)?
42
-11 + 7 - ((14 + -7 - 14) + (-13 - -5))
11
Evaluate (-2 - ((7 - 11) + 8 + -16 + 6)) + 93.
97
Calculate -91 + 38 - (-36 + -16).
-1
What is 45 + -17 + 18 - 11?
35
What is the value of -12 + (-11 - (6 + -30)) + 0 - 130?
-129
What is -108 + 98 - (4 + 2 + 23)?
-39
What is (-2532 - -2569 - (-1 + -29)) + 4 + 1?
72
Calculate -53 - (-91 - -80) - (-1 + 14).
-55
What is -6 + -21 + -2 + -29 - 8?
-66
Evaluate (27 - (-94 + 1)) + -65.
55
Evaluate 1 - (6 + -26 + 32).
-11
-19 + (6 - -12) + (-16 - (0 - 6))
-11
Calculate 9 + (-42 - 0 - (14 - (47 + -40))) + 13.
-27
Evaluate (32 - -633 - 654) + (-72 - (3 + -1 - 1)).
-62
What is the value of (-1603 - -1591 - (1 - 28)) + (2 - (0 + -3))?
20
Evaluate 20 - 69 - -15 - 44.
-78
1 + -1 + (-9 - (-25 + -77) - 22)
71
Calculate 3 + -2 + 2 + (-33 + 14 + -2 - -111).
93
0 + (-15 - -62) + (34 - 49)
32
What is the value of (79 - 159) + -35 + 254?
139
Calculate (69 - (66 + -7)) + -44.
-34
What is the value of -60 + 41 + -7 + (-1 - (4 + 3) - 2)?
-36
Evaluate (2605 - 2506) + 1 + 2 + 0 + -2.
100
What is (0 - -4) + 29 + -3 - (-15 + 17 - 8)?
36
49 - (37 - 4) - 32
-16
Evaluate -1 - (-6 + 0 + -78) - (-33 - -14 - -18).
84
What is -64 + 1 - (6 - (20 + 20) - -20)?
-49
-198 - -134 - (17 - 2) - (0 + 14 + -2)
-91
Calculate 2 - (-2 - (8 - (-1 + 18))) - (-56 + -6).
57
Calculate (-20 - -19) + 26 + 1 + 12.
38
Evaluate 61 + (1 - -14) + (-46 + 43 - (0 + -9)).
82
Calculate (2 - 6 - -3) + 15 + -6 + -11 + 30.
27
Calculate -28 - -11 - -43 - 31 - 26.
-31
(-14 + 71 - 0) + 15 + (-28 - -23)
67
Calculate -185 + 129 + 49 - (-31 + -1 + 0).
25
Calculate 47 - (58 - (15 - 82)).
-78
What is (-9 - -12 - (-1 - 5)) + -5 + (-20 - -5)?
-11
Calculate -14 - 3 - (22 + -6 + -14 - -10).
-29
Calculate (406 - 401) + -1 + 4 + (-9 - -1) + 3.
3
What is (-6 - -8) + 4 + -5 + 63 + -30 + -7?
27
What is the value of -4 + -6 + (-4 + 20 - (-27 + 38)) - 139?
-144
What is the value of (-4 - -8 - (12 - -3)) + (-38 - -46) - 25?
-28
(-2 + (2 - 1) - -50) + (-338 - -332)
43
Calculate 10 + -3 + 19 - (-10 - (-3 - (-3 + 7))).
29
Calculate -28 - (-7 + (-6 - -11) - (-9 - -19)).
-16
8 + 4 + (102 - 18) + 3 + 11
110
Evaluate 43 + (-15 - -23) + (-9 - -2 - 5).
39
51 + -8 + -13 + 3 + 8 + -5 + 17
53
What is the value of 57 - ((-7 - ((-2 - -4) + 2)) + (16 - -7))?
45
What is -19 - ((6 - (141 + 31)) + (20 - -3))?
124
What is -38 + (-73 + 53 - -160)?
102
What is 6 + (-44 - 47) + 186?
101
77 - ((66 - 7) + -55)
73
What is the value of 39 + (1 + 5 + (-5 - -1) - 8)?
33
(-5 + 10 - 4) + -39 + 28 + 92
82
What is the value of (-108 - (-80 + -71)) + 33?
76
Evaluate (1 - -7) + -64 + 20 + 38 + -4 + 74.
72
Calculate -2 + -9 - ((12 - -59) + -3).
-79
What is the value of (-3 - 2 - 8 - (12 - 35)) + 15 - 13?
12
What is -2 + (26 - 2) + 32 + -41 - 3 - 29?
-19
What is the value of 11 + (-35 - -24) - (-1 + 7) - (-21 - 2)?
17
2 + 0 + 7 - (-23 + -37 + 57)
12
Evaluate -13 + 35 + -3 + (84 + -27 - 9).
67
What is the value of -149 - (94 + -73 + -98)?
-72
-8 + 171 + (-19 - 80)
64
33 - ((-11 - -4) + (-17 - (-4 - 14)) - 9)
48
What is 0 - (-22 - -48 - 12) - -19 - 24?
-19
What is the value of -14 + (-23 - 11) + 8?
-40
-29 - (-2 - -28) - (-22 - -30)
-63
What is the value of -9 - (21 + (10 - 25)) - -23 - (52 + 0)?
-44
What is the value of (54 - (2 + -7)) + 5 - (15 - 17 - 3)?
69
What is the value of -28 - (-7 - -32 - 63) - 9?
1
Evaluate 31 + (47 - (-19 + 87)).
10
What is the value of -66 + (10 + -8 - 2 - (-30 + 33))?
-69
47 + (-5 + 3 - (3 + -17 - -23))
36
Calculate (-42 - (-67 + 7)) + -70 - -27.
-25
What is the value of (18 + -22 - 15) + (0 - 20)?
-39
What is (6 - -7) + -7 + 0 - (-2 + -16)?
24
(67 - 45) + -54 - (-9 + -3 + (1 - 1))
-20
What is the value of -47 - (